(-40) + ((-53273206)/(-680) - -10)?
11, 17, 419
Let o(y) = -y**3 - 10*y**2 + 47*y - 8. Suppose l + r = -19, -2*r = 4*l + 32 + 38. List the prime factors of o(l).
2, 97
What are the prime factors of (-3 - -90808) + 1 + (-19)/(152/16)?
2, 3, 7, 23, 47
Let k(b) = -4*b**3 + 9*b**2 - 7*b + 10. Let v be k(-9). Suppose -575 = -27*n + v. List the prime factors of n.
3, 53
Let y(r) = r**2 - 21*r + 57. Let o = 718 + -748. List the prime factors of y(o).
3, 23
Let g(u) be the third derivative of 149*u**4/24 - 53*u**3/2 - 3*u**2 - 30*u. What are the prime factors of g(7)?
2, 13, 17
Let q = 214 - 70. Let z = q - 89. What are the prime factors of z?
5, 11
Let x(f) = -3*f + 23. Suppose 0 = 3*r - 37 - 2. Let u be x(r). Let l = u - -108. List the prime factors of l.
2, 23
Let o(u) = -3*u**2 - 4 + 4*u**2 + 18*u - u. Let m be o(-18). What are the prime factors of 2230/m - 22/77?
3, 53
Suppose -2*m = -5*p - 22808, -4*p + 25929 = 5*m - 31124. List the prime factors of m.
3, 3803
Suppose -1 = -6*f - 19. Let w be ((-10)/(-6) + f)*-99. Suppose r - 3*r = 5*u - 174, 0 = 4*u - 2*r - w. List the prime factors of u.
2, 17
Let v = -700 - -706. Suppose -443 = v*g - 3095. What are the prime factors of g?
2, 13, 17
Let d(z) = -z**2 - 17*z + 6. Suppose 24*b - 90 = 29*b. Let l be d(b). What are the prime factors of -10*(-6)/(l/(-5))?
5
Let v = 74 - 74. Let z be ((-40)/16 + 3)*(8 - v). Suppose -2*l + 4*i + 276 = 0, -z*l = -0*l - i - 531. What are the prime factors of l?
2, 3, 11
Let u(g) = 48*g - 22. Suppose -5*o + 121 = 6*o. List the prime factors of u(o).
2, 11, 23
Let r = 2341 - -8420. What are the prime factors of r?
3, 17, 211
Let v = 8068 - -3156. What are the prime factors of v?
2, 23, 61
Let c(u) = u**2 + 20*u - 61. Let j be c(3). What are the prime factors of j + 2 + -4 - -153?
3, 53
Let q = 37853 - 19983. What are the prime factors of q?
2, 5, 1787
Suppose 0 = 4*m + 4*d - 24, 4*m - 3*d = -d + 12. Suppose -169 = -3*y + 68. List the prime factors of -1 - (4 - (y + m)).
2, 3, 13
Suppose 6*h + g - 2058 = 2*h, 2*h = -3*g + 1024. Suppose 5*q + 5*f - 193 = 1072, -f - h = -2*q. What are the prime factors of q?
2
Suppose 0 = -2*u + n - 2*n + 484, 0 = 3*u - 4*n - 704. Suppose 0 = 4*s - 0*s - 24. Suppose -11*o + s*o = -u. What are the prime factors of o?
2, 3
Suppose -9*r = 2*r + 2164 - 66833. What are the prime factors of r?
5879
Let c(a) = 21*a**2 - 17*a - 2. Let g(z) = 19*z**2 - 15*z - 1. Let l(q) = -4*c(q) + 5*g(q). List the prime factors of l(7).
17, 29
Let x(d) be the first derivative of d**2/2 + 42*d - 169. What are the prime factors of x(-5)?
37
Let f(r) be the second derivative of -41*r**3/3 + 4*r**2 + 2*r. Let u be (0 - ((-5)/(-10) + -1))*-4. What are the prime factors of f(u)?
2, 43
Suppose 0 = 4*a - 2*g - 16, 4*a + g - 6*g - 10 = 0. Suppose -a*n - 30 = -3*z, 4*n - z = 7*n + 18. List the prime factors of -12*(26/n + 4).
2
List the prime factors of 89/(-8*9/(-3384)).
47, 89
Let h be (-52)/(-20) + -2 + (-23)/5. Let c be h/18 + 581/63. What are the prime factors of (-139 - c)*1/(-2)?
2, 37
Suppose 0 = -4*a, -4*u + 9*u - 48*a = -47*a + 15990. List the prime factors of u.
2, 3, 13, 41
Let s be (-22)/6 - -5 - (-2)/3. Suppose -19 = s*j + 2*m + 51, m = j + 27. Let o = j + 95. List the prime factors of o.
2
Let n(g) = -26*g**3 + 68*g**2 + 12*g + 58. Let d(i) = 6*i**3 - 17*i**2 - 3*i - 15. Let z(k) = 9*d(k) + 2*n(k). What are the prime factors of z(12)?
953
Suppose 134*v = 139*v - 10. Suppose -5*b = 2*q - v*b - 2182, 3*b - 4370 = -4*q. List the prime factors of q.
2, 547
Let h = 540 - -728. Let j = h + -856. What are the prime factors of j?
2, 103
What are the prime factors of (2 + -1)/(2 - ((-443236)/(-221620) + 0))?
5, 7, 1583
Suppose k - 11119 = 2*y, 21*k - 8*y + 7*y - 233663 = 0. List the prime factors of k.
3, 3709
Suppose 2*v - 3*v = -4*v. Suppose v = -3*o - 2*t + 291, 0 = -8*o + 6*o + 5*t + 213. What are the prime factors of o?
3, 11
Let n(m) = 7*m**2 - 6*m - 101. Let f(r) = 8*r**2 - 7*r - 102. Let w(q) = 6*f(q) - 7*n(q). Suppose 0 = 49*z - 44*z. List the prime factors of w(z).
5, 19
Suppose -8*r + 5*r + 135 = 0. Suppose 9*p - 135 = r. Suppose -p = f - 23. List the prime factors of f.
3
Let w be (5/15 - 5/(-3)) + 332. Let j = -77 + w. List the prime factors of j.
257
Let z = -6565 - -15326. List the prime factors of z.
8761
Let u = -765 + 155. Let i = u - -1740. What are the prime factors of i?
2, 5, 113
Let n = -1 + -8. Let v be 112/(-24)*n/6. Suppose -v*t + 10*t - 141 = 0. What are the prime factors of t?
47
Suppose -8 = 4*t, 5*s - t - 78 = 3*t. Let r = 17 - s. Suppose -4*a + 2*a = 8, -18 = -2*b + r*a. List the prime factors of b.
3
Let a(g) = 10*g - 3 + 9*g + 15*g - 24*g + 2*g**3 + 21*g**2. Let v be a(-10). What are the prime factors of (-1)/(v/(-402)*-1)?
2, 67
Suppose g = 41 - 39, 4*g = 4*u + 404. Suppose 496 = 2*s + 2*s. Let d = s + u. What are the prime factors of d?
5
Suppose 35 = -55*c + 62*c. Suppose 9*k - 13*k + 980 = 3*s, 0 = c*s - 5*k - 1645. List the prime factors of s.
2, 41
Let g(w) = 16*w - 43. Let i be g(3). Suppose 12*q - 11*q - 719 = -5*y, -i*y = 5. What are the prime factors of q?
2, 181
Let g(s) = 2 + 2*s + 0*s - 16 - 7*s. Let p be g(-2). What are the prime factors of (26/p)/((63/14)/(-9))?
13
Let f be (-29)/(-58) - 1254/(-4). Let k = 1473 - f. List the prime factors of k.
19, 61
Let y = -7900 + 42310. List the prime factors of y.
2, 3, 5, 31, 37
Let x(c) = 91*c**2 - 188*c**2 - 36 + 81*c**2 - 8*c + c**3. What are the prime factors of x(18)?
2, 3, 13
Suppose 2 + 0 = o, -2*a + 3*o + 10 = 0. Let w(j) = 22*j - 23. List the prime factors of w(a).
3, 17
Let g be 4/3 - (-20)/12. Suppose g*w + 5*w = 1128. Suppose 7*z = w + 132. What are the prime factors of z?
3, 13
Suppose 5*a - 5 = -x - 0, 0 = 4*x + 4*a - 4. Let w be 6/(-8) + x - (-142)/8. Suppose w*p - 20*p + 99 = 0. What are the prime factors of p?
3, 11
Let b = 78 - -392. Let y = b + -332. What are the prime factors of y?
2, 3, 23
Suppose 0 = 3*n - 9 - 3, 2*g = -3*n - 120. Let v = g + 66. Suppose v = 11*c - 2084 + 731. What are the prime factors of c?
3, 41
Suppose 521544 = 276*d - 1107132. What are the prime factors of d?
3, 7, 281
Let i(b) = -2*b**3 - 51*b**2 - 37*b + 15. Let c be i(-25). Suppose -q - 2*q + 84 = 0. Suppose -c = q*k - 31*k. What are the prime factors of k?
3, 5, 7
Let j(l) = -14984*l + 4491. What are the prime factors of j(-4)?
11, 5857
Suppose -4*m = -h + 13333 + 16845, -15096 = 2*m + 3*h. What are the prime factors of (-8)/48 - m/18?
419
Let j be 156/36*(200 + -3 - -4). Let b = j + 278. List the prime factors of b.
3, 383
Let z be 4/(-6)*(-3 + (-12)/8). Suppose -o - 2*o = -t + 817, 5*t = -z*o - 811. List the prime factors of (-12)/(2*12/o).
2, 17
Let r be -2284 - (54/15 - (-3)/(-5)). What are the prime factors of r/(-5) - (-22)/(-55)?
457
Let p be -3 + 12 + 4/(-1). Suppose 0 = -5*h + 11*l - 12*l + 100, 0 = 4*h + p*l - 59. What are the prime factors of h?
3, 7
Suppose -124*b = 79*b - 6865663. What are the prime factors of b?
31, 1091
Suppose 0 = -3*l - 2*c + 6, -2*l - c + 0 = -4. Suppose 0 = -l*g, -5*p + 0*p = -2*g - 30. List the prime factors of (432/64)/(p/16).
2, 3
Let u(b) = 2*b - 13. Let y be u(8). Suppose y*c + 2*r - 2288 = 0, c + r - 5*r = 744. List the prime factors of c.
2, 5, 19
Let y(v) = 8*v**2 - 2*v - 52. Let i(a) = -a**3 - 42*a**2 + 3*a + 114. Let t be i(-42). List the prime factors of y(t).
2, 281
Suppose -4*t - 7*i - 84 = -3*i, -3*t - 28 = -4*i. List the prime factors of 33 + 1 - 21/(168/t).
2, 3
Suppose 400*p - 427*p + 234144 = 0. List the prime factors of p.
2, 271
List the prime factors of (-16)/(-10)*(-157531 + 6)/(-5).
2, 6301
Suppose 0 = -102*b + 149*b - 345356. What are the prime factors of b?
2, 11, 167
Suppose 5*k + 5222 - 792 = 0. Let v = 1371 + k. List the prime factors of v.
5, 97
Let d(g) = 4018*g**2 + 57*g + 114. What are the prime factors of d(-2)?
2, 7, 41
Suppose 4*h = -0*h - 168. Suppose 0 = -34*a + 37*a + q - 205, 2*q = -3*a + 206. Let j = a + h. What are the prime factors of j?
2, 13
Let j = 12408 + 1162. What are the prime factors of j?
2, 5, 23, 59
Let b(p) = 3*p + 14. Suppose -10 = -5*r, 67 + 5 = -j + 2*r. Let f = j + 85. What are the prime factors of b(f)?
5, 13
Let b = -113 + 117. Suppose -p = b*a + 164, 55 = -4*p - a - 556. List the prime